 = q + 4, 8 = 4*u + q. Suppose -u*x + 2 = -32. Suppose -4*s + 55 = -x. What are the prime factors of s?
2, 3
Let u = 332 + -132. Let w = u - 133. List the prime factors of w.
67
Let s be -3 + 1 - (0 + -2). Suppose s = -3*b - 0*b + 645. Suppose 0*p = 5*p + 5*v - b, 3*p - v - 121 = 0. What are the prime factors of p?
41
What are the prime factors of (0 + (-2203)/4)/(84/(-336))?
2203
Suppose -s = -2*l + 37, 2*l - 11 = -s + 32. Let z(n) = 2*n**2 - 38*n - 24. List the prime factors of z(l).
2
Let i = 213 - 61. List the prime factors of i.
2, 19
Suppose 0*n + 1608 = 4*n. What are the prime factors of n?
2, 3, 67
Let q = -568 + 1053. Suppose n - q = -4*j + 2*n, 4*n = -j + 134. What are the prime factors of j?
2, 61
Suppose 7*b - 36 = 34. Let w = 439 - 283. List the prime factors of (w/b)/((-33)/(-110)).
2, 13
Let d(i) = -2*i + 4. Let w be d(3). Let p be (-23)/5 - -4 - (-26)/10. What are the prime factors of (-4)/w - (p + -22)?
2, 11
What are the prime factors of -5 + 2469 + (-24)/8?
23, 107
Suppose 3*m + 239 - 17 = 0. Let a = m + 103. Suppose -2*i - 8 = -3*p, -3*p - i + a = p. List the prime factors of p.
2, 3
Let z be (12 - 10)*(-1 - 0). What are the prime factors of 524/(-6)*(1 + -2 + z)?
2, 131
Let f be 3 - 3 - (-4)/1. Suppose 2*n - 6 = -a, f*a = -a + 5*n + 90. Let v = a + -11. What are the prime factors of v?
3
Let n = 14043 + -5433. List the prime factors of n/50 - 2/(-10)*-1.
2, 43
Let x(w) = 2*w**3 + 2*w**2 - 3*w - 2. Let q be x(-2). What are the prime factors of q - (14/(-1) - 3)?
13
Let y(h) = 5*h**3 + h**2 - h. Let j be y(1). Suppose -j*i = -925 - 185. List the prime factors of i.
2, 3, 37
List the prime factors of 2/12*1442670/95.
2531
Suppose 0 = w + 45 - 781. List the prime factors of w.
2, 23
Let o(v) = 2*v**3 - 5*v**2 + 33*v + 7. List the prime factors of o(8).
3, 5, 13
Let b(a) = -a - 3. Let d be b(-6). Suppose 3*q = 3*h - 33, h = 4*h - 5*q - 43. Suppose y - d*n = 47, h*y - 3*y - 71 = -5*n. List the prime factors of y.
2
Let s = 818 + -153. List the prime factors of s.
5, 7, 19
Let i = -64 + 52. List the prime factors of (-3 + (-16)/i)/((-4)/240).
2, 5
Let x(n) = 11*n - 2. Let k be (6/(-4))/(12/32). Let y(h) = -12*h + 1. Let j(w) = k*y(w) - 5*x(w). List the prime factors of j(-2).
2, 5
Let y be 20/(-3)*(-21)/14. Suppose 0 = -2*z - y, -2*z - 276 = -3*g - 5*z. Let h = -36 + g. List the prime factors of h.
61
Let m = -4 + 6. Let w = 13 - 11. Suppose -f + 134 = 3*f - m*g, 2*f - w*g - 72 = 0. List the prime factors of f.
31
Suppose -5*b = -10 - 5. Suppose m = -5*o - 10, 0 = 2*o + b*m - 5*m + 4. What are the prime factors of 30/o*6/(-9)?
2, 5
Suppose 0 = -2*b + 7*b - x - 29, 0 = -5*b + 5*x + 45. Suppose -2*l + 5*l = 9. Suppose 52 = b*a + t - 183, 5*a + l*t = 245. What are the prime factors of a?
2, 23
Let c = -55 - -55. Suppose c = 3*q - 12, -4*a + 4*q = -q - 376. List the prime factors of a.
3, 11
Suppose 0 = 15*k - 9*k - 4116. What are the prime factors of k?
2, 7
Suppose -247*j = -253*j + 4812. List the prime factors of j.
2, 401
Let d(n) = -4*n + 1. Let v be d(1). What are the prime factors of v/(-4) - 1715/(-28)?
2, 31
Let f be (-13)/(-3) + 2/(-6). Suppose 0 = f*z + t - 354, -2*t - 455 = -5*z + 3*t. List the prime factors of z.
89
Suppose 8*m - 10*m + 286 = 0. What are the prime factors of m?
11, 13
Suppose -4*u + 5*r + 1339 = 0, -3*r = u - 5*r - 337. List the prime factors of u.
331
Let k(m) = -5*m**2 - 3*m + 10. Let c be k(4). Let w = c + 217. List the prime factors of w.
3, 5
Let x be 1 + 2 + 3 + 2/(-2). List the prime factors of -55*x/(4 - 9).
5, 11
Let q be ((-36)/10)/((-6)/40). Let m = q - 14. Let h(j) = -j**2 + 17*j - 22. What are the prime factors of h(m)?
2, 3
Suppose -2*p + 3*p = 4*c + 81, 4*p - 324 = -4*c. Suppose -p = 5*m - 341. List the prime factors of m.
2, 13
What are the prime factors of (-29 + -34)*(-1 - 2)?
3, 7
Let j = 8 - 5. Suppose 27 = 3*a + j*g, -2*a + 17 - 3 = 4*g. What are the prime factors of (a/(-33))/((-1)/66)?
2, 11
Suppose 4*y + 4*p + 68 = -0*p, 5*p + 55 = -3*y. Suppose 0 = 3*f + 10*w - 14*w - 32, -4*f + 5*w + 42 = 0. Let t = f - y. List the prime factors of t.
23
Suppose 0 = -2*z - 3*c + 17, -6*z = -3*z - c - 9. Suppose -4*t - z*i = -416, 32 = t - i - 82. What are the prime factors of t?
109
Let r(q) = q**3 + 6*q**2 + 3. Let w be r(-6). Let s(h) = -2 + 1817*h**3 - 4*h**2 + 2*h**2 - h - 1815*h**3. List the prime factors of s(w).
31
Let s be (-2)/(-9) + 1022/(-63). Let c be -3 + 1 + 0 + -20. Let o = s - c. List the prime factors of o.
2, 3
Let i(k) = 5*k**2 + 3*k - 2. Let l(c) = 21*c**2 + 12*c - 7. Let o(x) = 9*i(x) - 2*l(x). List the prime factors of o(-3).
2, 7
Let p(b) = b**3 - 2*b**2 - 6*b. Let o be p(4). Suppose 2*a = 108 - o. What are the prime factors of a?
2, 5
Let y(f) = -12*f + 1. Let h be y(-3). Let t be 2*3 + (-10 - -8). Suppose 2*w - h = w + 2*b, t*b = 16. List the prime factors of w.
3, 5
List the prime factors of 75/50 + 58445/10.
2, 37, 79
Suppose -m - 308 = -3*z, 3*z - m - 323 = 3*m. Let v = z + -159. Let k = -33 - v. List the prime factors of k.
5
Let a(w) = 4*w**2 - 2*w**2 + 3*w**2 - 2*w**2 + 8 - 14*w. What are the prime factors of a(7)?
3, 19
Suppose -4*b + 0*b + 17 = 5*w, -5*w - 3*b = -19. Let j(q) = -q**3 + 4*q**2 + 6*q - 4. Let l be j(w). What are the prime factors of ((-265)/10)/(l/(-2))?
53
What are the prime factors of 20/(((-13)/(-26))/(10/16))?
5
Let m(j) = -20*j - 11. Let f be m(-5). Suppose -31 = -3*z + f. What are the prime factors of z?
2, 5
Suppose 12*j = 13*j - 739. Suppose -j = -5*z + 111. What are the prime factors of z?
2, 5, 17
Suppose 0*y = 4*y + 16, 4*y = 2*a - 360. Suppose 0 = 5*k - a + 52. List the prime factors of k.
2, 3
Let z(m) = -3*m**3 - 123*m**2 - 20*m - 5. What are the prime factors of z(-41)?
5, 163
Let m(p) = -p**3 + 3*p**2 + 2*p - 1. Let h be m(3). Suppose 13 = -h*b - 2. List the prime factors of 2 - 1 - b - -11.
3, 5
Let h = -11465 - -17305. List the prime factors of h.
2, 5, 73
Suppose -6*q - 148 = -8*q. Let d = 3 + q. List the prime factors of d.
7, 11
Suppose 2*w = -w. Let f(v) = -6*v - 3. Let c be f(-2). Let t = c + w. What are the prime factors of t?
3
Suppose -5*r + 2876 = 2*d, -34*d + 4*r - 2876 = -36*d. What are the prime factors of d?
2, 719
Let j be -6*4*1/(-6). Suppose j*z + 172 = -c + 4*c, -3*z = -6. List the prime factors of c.
2, 3, 5
Let q = 512 - 484. What are the prime factors of q?
2, 7
Suppose -16 = -4*r + 2*d, 3*r - 23 = -2*r + d. Let z be 54/(-4)*(-44)/33. Suppose -b + 147 = r*o, -3*b - z = -o - 7*b. What are the prime factors of o?
2, 3, 5
Let p(i) = 2*i**3 - 6*i**2 + i - 4. Let v = 59 - 55. What are the prime factors of p(v)?
2
Let k be 2/6 + -2 + (-14)/(-21). Let j(q) = -17*q - 1. Let t be j(-1). Let h = k + t. What are the prime factors of h?
3, 5
Suppose -3*w - 35 + 560 = 0. Suppose 2*d - 138 = -2*g, -41 = 2*d + 4*g - w. List the prime factors of d.
71
Let j(h) = -21*h + 12. List the prime factors of j(-13).
3, 5, 19
Suppose -2*k - 2*z = -358, 2*k - 185 - 169 = -3*z. Suppose 3*d = -m + k + 193, 508 = 4*d - 2*m. List the prime factors of d.
2, 3, 7
Suppose -2*k - 4*t = -21 + 5, 0 = 4*t - 4. Suppose -l = -4*l + k. Suppose d + 5*b = -17 + 52, 4*d + l*b - 86 = 0. List the prime factors of d.
2, 5
Let r = 886 - 610. Let z = r + -143. What are the prime factors of z?
7, 19
Let p(f) = f**3 - f**2 + 2*f - 4. Let z be p(2). Suppose -4*r - 4*u = -844, -3*r - 17 = z*u - 648. List the prime factors of r.
3, 71
Let w = 433 - -941. List the prime factors of w.
2, 3, 229
Let q(h) = -h**2 - 1. Let b(m) be the third derivative of m**5/60 - 5*m**3/6 - 3*m**2. Let i(g) = -b(g) - 2*q(g). What are the prime factors of i(0)?
7
Let w be 24/10 + 16/(-40). Suppose 3*p = -w*b, p - b = 4*b. Suppose 0 = m - p*m - 32. List the prime factors of m.
2
What are the prime factors of (6/(-4 - -10))/(1/581)?
7, 83
What are the prime factors of 24/4 - (-1)/(-1) - -605?
2, 5, 61
Let t(u) = -5*u**2 - 9*u + 12. Let f(s) = 4*s**2 + 8*s - 11. Suppose -3*m + 7 = 22. Let y(a) = m*t(a) - 6*f(a). List the prime factors of y(6).
2, 3
Let q(k) = 38*k + 38. Let x(v) = -13*v - 12. Let t(m) = -6*q(m) - 17*x(m). Suppose 2*y - 6*y - 40 = 0. What are the prime factors of t(y)?
2, 23
List the prime factors of 144/108 + 623/3.
11, 19
Suppose 0 = h + 5*h - 36. Let v(u) = -u + 22